{"id":4105,"date":"2022-04-29T10:44:58","date_gmt":"2022-04-29T11:44:58","guid":{"rendered":"https:\/\/ananasdosacores.pt\/?page_id=4105"},"modified":"2022-04-29T10:54:05","modified_gmt":"2022-04-29T11:54:05","slug":"os-maios","status":"publish","type":"page","link":"https:\/\/ananasdosacores.pt\/en\/os-maios\/","title":{"rendered":"Os Maios"},"content":{"rendered":"<div data-elementor-type=\"wp-page\" data-elementor-id=\"4105\" class=\"elementor elementor-4105\" data-elementor-post-type=\"page\">\n\t\t\t\t\t\t<section class=\"elementor-section elementor-top-section elementor-element elementor-element-1a479ad elementor-section-boxed elementor-section-height-default elementor-section-height-default\" data-id=\"1a479ad\" data-element_type=\"section\" data-e-type=\"section\">\n\t\t\t\t\t\t<div class=\"elementor-container elementor-column-gap-default\">\n\t\t\t\t\t<div class=\"elementor-column elementor-col-100 elementor-top-column elementor-element elementor-element-e4c7578\" data-id=\"e4c7578\" data-element_type=\"column\" data-e-type=\"column\">\n\t\t\t<div class=\"elementor-widget-wrap elementor-element-populated\">\n\t\t\t\t\t\t<div class=\"elementor-element elementor-element-7d67d7f elementor-widget elementor-widget-heading\" data-id=\"7d67d7f\" data-element_type=\"widget\" data-e-type=\"widget\" data-widget_type=\"heading.default\">\n\t\t\t\t<div class=\"elementor-widget-container\">\n\t\t\t\t\t<h2 class=\"elementor-heading-title elementor-size-default\">Os Maios<\/h2>\t\t\t\t<\/div>\n\t\t\t\t<\/div>\n\t\t\t\t<div class=\"elementor-element elementor-element-eced842 elementor-widget elementor-widget-text-editor\" data-id=\"eced842\" data-element_type=\"widget\" data-e-type=\"widget\" data-widget_type=\"text-editor.default\">\n\t\t\t\t<div class=\"elementor-widget-container\">\n\t\t\t\t\t\t\t\t\t<p>No dia 1 de maio, nos A\u00e7ores, n\u00e3o se celebra apenas o Dia do Trabalhador, mas tamb\u00e9m a tradi\u00e7\u00e3o d\u2019Os Maios.<br>Pensa-se que esta tradi\u00e7\u00e3o come\u00e7ou com os primeiros povoadores das ilhas, na altura do ver\u00e3o, com o intuito de dar sorte nas colheitas.&nbsp;<\/p><p>Os \u201cMaios\u201d s\u00e3o bonecos feitos de forma artesanal e, normalmente, com materiais reutilizados. Estes bonecos pretendem representar pessoas do quotidiano nos seus mais diversos of\u00edcios, tais como agricultores, lavadeiras, pastores, folclore, entre outros.&nbsp;<\/p><p>Muitas vezes, estas representa\u00e7\u00f5es servem de cr\u00edtica e s\u00e1tiras sociais e s\u00e3o expostas \u00e0s portas, janelas, varandas e pra\u00e7as mais movimentadas das freguesias.<\/p>\t\t\t\t\t\t\t\t<\/div>\n\t\t\t\t<\/div>\n\t\t\t\t\t<\/div>\n\t\t<\/div>\n\t\t\t\t\t<\/div>\n\t\t<\/section>\n\t\t\t\t<\/div>","protected":false},"excerpt":{"rendered":"<p>Os Maios No dia 1 de maio, nos A\u00e7ores, n\u00e3o se celebra apenas o Dia do Trabalhador, mas tamb\u00e9m a tradi\u00e7\u00e3o d\u2019Os Maios.Pensa-se que esta tradi\u00e7\u00e3o come\u00e7ou com os primeiros povoadores das ilhas, na altura do ver\u00e3o, com o intuito de dar sorte nas colheitas.&nbsp; Os \u201cMaios\u201d s\u00e3o bonecos feitos de forma artesanal e, normalmente, &hellip;<\/p>\n<p class=\"read-more\"> <a class=\"\" href=\"https:\/\/ananasdosacores.pt\/en\/os-maios\/\"> <span class=\"screen-reader-text\">Os Maios<\/span> Read More &raquo;<\/a><\/p>","protected":false},"author":1,"featured_media":0,"parent":0,"menu_order":0,"comment_status":"closed","ping_status":"closed","template":"","meta":{"_monsterinsights_skip_tracking":false,"_monsterinsights_sitenote_active":false,"_monsterinsights_sitenote_note":"","_monsterinsights_sitenote_category":0,"site-sidebar-layout":"no-sidebar","site-content-layout":"page-builder","ast-main-header-display":"","ast-hfb-above-header-display":"","ast-hfb-below-header-display":"","ast-hfb-mobile-header-display":"","site-post-title":"disabled","ast-breadcrumbs-content":"","ast-featured-img":"disabled","footer-sml-layout":"","theme-transparent-header-meta":"","adv-header-id-meta":"","stick-header-meta":"","header-above-stick-meta":"","header-main-stick-meta":"","header-below-stick-meta":"","footnotes":""},"class_list":["post-4105","page","type-page","status-publish","hentry"],"jetpack_sharing_enabled":true,"_links":{"self":[{"href":"https:\/\/ananasdosacores.pt\/en\/wp-json\/wp\/v2\/pages\/4105","targetHints":{"allow":["GET"]}}],"collection":[{"href":"https:\/\/ananasdosacores.pt\/en\/wp-json\/wp\/v2\/pages"}],"about":[{"href":"https:\/\/ananasdosacores.pt\/en\/wp-json\/wp\/v2\/types\/page"}],"author":[{"embeddable":true,"href":"https:\/\/ananasdosacores.pt\/en\/wp-json\/wp\/v2\/users\/1"}],"replies":[{"embeddable":true,"href":"https:\/\/ananasdosacores.pt\/en\/wp-json\/wp\/v2\/comments?post=4105"}],"version-history":[{"count":9,"href":"https:\/\/ananasdosacores.pt\/en\/wp-json\/wp\/v2\/pages\/4105\/revisions"}],"predecessor-version":[{"id":4115,"href":"https:\/\/ananasdosacores.pt\/en\/wp-json\/wp\/v2\/pages\/4105\/revisions\/4115"}],"wp:attachment":[{"href":"https:\/\/ananasdosacores.pt\/en\/wp-json\/wp\/v2\/media?parent=4105"}],"curies":[{"name":"wp","href":"https:\/\/api.w.org\/{rel}","templated":true}]}}

<div data-elementor-type="wp-page" data-elementor-id="4105" class="elementor elementor-4105" data-elementor-post-type="page">
						<section class="elementor-section elementor-top-section elementor-element elementor-element-1a479ad elementor-section-boxed elementor-section-height-default elementor-section-height-default" data-id="1a479ad" data-element_type="section" data-e-type="section">
						<div class="elementor-container elementor-column-gap-default">
					<div class="elementor-column elementor-col-100 elementor-top-column elementor-element elementor-element-e4c7578" data-id="e4c7578" data-element_type="column" data-e-type="column">
			<div class="elementor-widget-wrap elementor-element-populated">
						<div class="elementor-element elementor-element-7d67d7f elementor-widget elementor-widget-heading" data-id="7d67d7f" data-element_type="widget" data-e-type="widget" data-widget_type="heading.default">
				<div class="elementor-widget-container">
					<h2 class="elementor-heading-title elementor-size-default">Os Maios</h2>				</div>
				</div>
				<div class="elementor-element elementor-element-eced842 elementor-widget elementor-widget-text-editor" data-id="eced842" data-element_type="widget" data-e-type="widget" data-widget_type="text-editor.default">
				<div class="elementor-widget-container">
									<p>No dia 1 de maio, nos Açores, não se celebra apenas o Dia do Trabalhador, mas também a tradição d’Os Maios.<br>Pensa-se que esta tradição começou com os primeiros povoadores das ilhas, na altura do verão, com o intuito de dar sorte nas colheitas.&nbsp;</p><p>Os “Maios” são bonecos feitos de forma artesanal e, normalmente, com materiais reutilizados. Estes bonecos pretendem representar pessoas do quotidiano nos seus mais diversos ofícios, tais como agricultores, lavadeiras, pastores, folclore, entre outros.&nbsp;</p><p>Muitas vezes, estas representações servem de crítica e sátiras sociais e são expostas às portas, janelas, varandas e praças mais movimentadas das freguesias.</p>								</div>
				</div>
					</div>
		</div>
					</div>
		</section>
				</div>

<p>Os Maios No dia 1 de maio, nos Açores, não se celebra apenas o Dia do Trabalhador, mas também a tradição d’Os Maios.Pensa-se que esta tradição começou com os primeiros povoadores das ilhas, na altura do verão, com o intuito de dar sorte nas colheitas.&nbsp; Os “Maios” são bonecos feitos de forma artesanal e, normalmente, &hellip;</p>
<p class="read-more"> <a class="" href="https://ananasdosacores.pt/en/os-maios/"> <span class="screen-reader-text">Os Maios</span> Read More &raquo;</a></p>
