{"id":1422,"date":"2020-07-13T12:57:00","date_gmt":"2020-07-13T12:57:00","guid":{"rendered":"https:\/\/boafruta.pt\/?page_id=1422"},"modified":"2020-11-19T16:20:14","modified_gmt":"2020-11-19T17:20:14","slug":"die-ernte","status":"publish","type":"page","link":"https:\/\/ananasdosacores.pt\/en\/die-ernte\/","title":{"rendered":"Die Ernte"},"content":{"rendered":"<div data-elementor-type=\"wp-page\" data-elementor-id=\"1422\" class=\"elementor elementor-1422\" data-elementor-post-type=\"page\">\n\t\t\t\t\t\t<section class=\"elementor-section elementor-top-section elementor-element elementor-element-256b81b3 elementor-section-boxed elementor-section-height-default elementor-section-height-default\" data-id=\"256b81b3\" data-element_type=\"section\" data-e-type=\"section\">\n\t\t\t\t\t\t<div class=\"elementor-container elementor-column-gap-default\">\n\t\t\t\t\t<div class=\"elementor-column elementor-col-100 elementor-top-column elementor-element elementor-element-cc950cc\" data-id=\"cc950cc\" data-element_type=\"column\" data-e-type=\"column\">\n\t\t\t<div class=\"elementor-widget-wrap elementor-element-populated\">\n\t\t\t\t\t\t<div class=\"elementor-element elementor-element-1a43237 elementor-shape-circle e-grid-align-left elementor-grid-0 elementor-widget elementor-widget-social-icons\" data-id=\"1a43237\" data-element_type=\"widget\" data-e-type=\"widget\" data-widget_type=\"social-icons.default\">\n\t\t\t\t<div class=\"elementor-widget-container\">\n\t\t\t\t\t\t\t<div class=\"elementor-social-icons-wrapper elementor-grid\" role=\"list\">\n\t\t\t\t\t\t\t<span class=\"elementor-grid-item\" role=\"listitem\">\n\t\t\t\t\t<a class=\"elementor-icon elementor-social-icon elementor-social-icon-facebook elementor-repeater-item-12acc98\" href=\"https:\/\/www.facebook.com\/ananasdosacores\" target=\"_blank\">\n\t\t\t\t\t\t<span class=\"elementor-screen-only\">Facebook<\/span>\n\t\t\t\t\t\t<i aria-hidden=\"true\" class=\"fab fa-facebook\"><\/i>\t\t\t\t\t<\/a>\n\t\t\t\t<\/span>\n\t\t\t\t\t\t\t<span class=\"elementor-grid-item\" role=\"listitem\">\n\t\t\t\t\t<a class=\"elementor-icon elementor-social-icon elementor-social-icon-instagram elementor-repeater-item-121f886\" href=\"https:\/\/www.instagram.com\/ananasdosacores\/?hl=pt\" target=\"_blank\">\n\t\t\t\t\t\t<span class=\"elementor-screen-only\">Instagram<\/span>\n\t\t\t\t\t\t<i aria-hidden=\"true\" class=\"fab fa-instagram\"><\/i>\t\t\t\t\t<\/a>\n\t\t\t\t<\/span>\n\t\t\t\t\t\t\t<span class=\"elementor-grid-item\" role=\"listitem\">\n\t\t\t\t\t<a class=\"elementor-icon elementor-social-icon elementor-social-icon-tripadvisor elementor-repeater-item-d96136f\" href=\"https:\/\/www.tripadvisor.pt\/UserReviewEdit-g189135-d17740832-Plantacao_de_Ananas_dos_Acores-Ponta_Delgada_Sao_Miguel_Azores.html\" target=\"_blank\">\n\t\t\t\t\t\t<span class=\"elementor-screen-only\">Tripadvisor<\/span>\n\t\t\t\t\t\t<i aria-hidden=\"true\" class=\"fab fa-tripadvisor\"><\/i>\t\t\t\t\t<\/a>\n\t\t\t\t<\/span>\n\t\t\t\t\t<\/div>\n\t\t\t\t\t\t<\/div>\n\t\t\t\t<\/div>\n\t\t\t\t<div class=\"elementor-element elementor-element-c7f965b elementor-widget elementor-widget-image\" data-id=\"c7f965b\" data-element_type=\"widget\" data-e-type=\"widget\" data-widget_type=\"image.default\">\n\t\t\t\t<div class=\"elementor-widget-container\">\n\t\t\t\t\t\t\t\t\t\t\t\t\t\t\t<img fetchpriority=\"high\" decoding=\"async\" width=\"820\" height=\"360\" src=\"https:\/\/ananasdosacores.pt\/wp-content\/uploads\/2020\/07\/colheita-9.png\" class=\"attachment-large size-large wp-image-1637\" alt=\"\" srcset=\"https:\/\/ananasdosacores.pt\/wp-content\/uploads\/2020\/07\/colheita-9.png 820w, https:\/\/ananasdosacores.pt\/wp-content\/uploads\/2020\/07\/colheita-9-600x263.png 600w, https:\/\/ananasdosacores.pt\/wp-content\/uploads\/2020\/07\/colheita-9-300x132.png 300w, https:\/\/ananasdosacores.pt\/wp-content\/uploads\/2020\/07\/colheita-9-768x337.png 768w\" sizes=\"(max-width: 820px) 100vw, 820px\" \/>\t\t\t\t\t\t\t\t\t\t\t\t\t\t\t<\/div>\n\t\t\t\t<\/div>\n\t\t\t\t<div class=\"elementor-element elementor-element-366a2c71 elementor-widget elementor-widget-text-editor\" data-id=\"366a2c71\" data-element_type=\"widget\" data-e-type=\"widget\" data-widget_type=\"text-editor.default\">\n\t\t\t\t<div class=\"elementor-widget-container\">\n\t\t\t\t\t\t\t\t\t<p align=\"JUSTIFY\"><span style=\"color: #000000;\"><span style=\"font-family: Calibri, sans-serif;\"><span style=\"font-size: medium;\">Die Ananas gilt als nicht-klimatische Frucht, d.h. sie reift nach der Ernte nicht nach. Der Prozess der Anreicherung von Zucker in den Fr\u00fcchten findet in den letzten sechs bis acht Wochen statt. <\/span><\/span><\/span><\/p>\n<p align=\"JUSTIFY\"><span style=\"color: #000000;\"><span style=\"font-family: Calibri, sans-serif;\"><span style=\"font-size: medium;\">Die Fr\u00fcchte m\u00fcssen an der Pflanze reifen und mit vollem Beerenfruchtverband (Fruchtst\u00e4nden) geerntet werden, die mindestens eine orangene Pigmentierung von 25 % aufweisen, um den gelben Ton und den s\u00fc\u00dfen Geschmack zu gew\u00e4hrleisten.<\/span><\/span><\/span><\/p>\n<p align=\"JUSTIFY\"><span style=\"color: #000000;\"><span style=\"font-family: Calibri, sans-serif;\"><span style=\"font-size: medium;\">Die beste Ananas der Welt ist in den Sommermonaten aromatischer, s\u00fc\u00dfer und weniger s\u00e4urehaltig als in den Wintermonaten.<\/span><\/span><\/span><\/p>\n<p align=\"JUSTIFY\"><span style=\"color: #000000;\"><span style=\"font-family: Calibri, sans-serif;\"><span style=\"font-size: medium;\">Die korrekteste Art, eine Ananas zu schneiden, ist, sie in vertikale Scheiben zu schneiden, da die gr\u00f6\u00dfte Zuckerkonzentration in der Frucht an ihrer Basis vorhanden ist. Somit wird der Grad der S\u00fc\u00dfe jeder Fruchtscheibe gleich sein, die einen s\u00fc\u00dferen und saureren Teil enth\u00e4lt.<\/span><\/span><\/span><\/p>\n<p align=\"JUSTIFY\"><span style=\"color: #000000;\"><span style=\"font-family: Calibri, sans-serif;\"><span style=\"font-size: medium;\">Um eine gute Ananas auszuw\u00e4hlen, m\u00fcssen zwei Hauptaspekte ber\u00fccksichtigt werden, n\u00e4mlich die Pigmentierung der Frucht und ihr Aroma. Je orangener und aromatischer die Ananas ist, desto s\u00fc\u00dfer wird sie sein. Ein weiterer zu ber\u00fccksichtigender Aspekt ist die Gr\u00f6\u00dfe des Fruchtstandes der Ananas: je gr\u00f6\u00dfer er ist, desto besser ist die Ananas.<\/span><\/span><\/span><\/p>\t\t\t\t\t\t\t\t<\/div>\n\t\t\t\t<\/div>\n\t\t\t\t\t<\/div>\n\t\t<\/div>\n\t\t\t\t\t<\/div>\n\t\t<\/section>\n\t\t\t\t<\/div>","protected":false},"excerpt":{"rendered":"<p>Facebook Instagram Tripadvisor Die Ananas gilt als nicht-klimatische Frucht, d.h. sie reift nach der Ernte nicht nach. Der Prozess der Anreicherung von Zucker in den Fr\u00fcchten findet in den letzten sechs bis acht Wochen statt. Die Fr\u00fcchte m\u00fcssen an der Pflanze reifen und mit vollem Beerenfruchtverband (Fruchtst\u00e4nden) geerntet werden, die mindestens eine orangene Pigmentierung von &hellip;<\/p>\n<p class=\"read-more\"> <a class=\"\" href=\"https:\/\/ananasdosacores.pt\/en\/die-ernte\/\"> <span class=\"screen-reader-text\">Die Ernte<\/span> Read More &raquo;<\/a><\/p>","protected":false},"author":1,"featured_media":0,"parent":0,"menu_order":0,"comment_status":"closed","ping_status":"closed","template":"","meta":{"_monsterinsights_skip_tracking":false,"_monsterinsights_sitenote_active":false,"_monsterinsights_sitenote_note":"","_monsterinsights_sitenote_category":0,"site-sidebar-layout":"default","site-content-layout":"default","ast-main-header-display":"","ast-hfb-above-header-display":"","ast-hfb-below-header-display":"","ast-hfb-mobile-header-display":"","site-post-title":"","ast-breadcrumbs-content":"","ast-featured-img":"","footer-sml-layout":"","theme-transparent-header-meta":"","adv-header-id-meta":"","stick-header-meta":"","header-above-stick-meta":"","header-main-stick-meta":"","header-below-stick-meta":"","footnotes":""},"class_list":["post-1422","page","type-page","status-publish","hentry"],"jetpack_sharing_enabled":true,"_links":{"self":[{"href":"https:\/\/ananasdosacores.pt\/en\/wp-json\/wp\/v2\/pages\/1422","targetHints":{"allow":["GET"]}}],"collection":[{"href":"https:\/\/ananasdosacores.pt\/en\/wp-json\/wp\/v2\/pages"}],"about":[{"href":"https:\/\/ananasdosacores.pt\/en\/wp-json\/wp\/v2\/types\/page"}],"author":[{"embeddable":true,"href":"https:\/\/ananasdosacores.pt\/en\/wp-json\/wp\/v2\/users\/1"}],"replies":[{"embeddable":true,"href":"https:\/\/ananasdosacores.pt\/en\/wp-json\/wp\/v2\/comments?post=1422"}],"version-history":[{"count":0,"href":"https:\/\/ananasdosacores.pt\/en\/wp-json\/wp\/v2\/pages\/1422\/revisions"}],"wp:attachment":[{"href":"https:\/\/ananasdosacores.pt\/en\/wp-json\/wp\/v2\/media?parent=1422"}],"curies":[{"name":"wp","href":"https:\/\/api.w.org\/{rel}","templated":true}]}}

<div data-elementor-type="wp-page" data-elementor-id="1422" class="elementor elementor-1422" data-elementor-post-type="page">
						<section class="elementor-section elementor-top-section elementor-element elementor-element-256b81b3 elementor-section-boxed elementor-section-height-default elementor-section-height-default" data-id="256b81b3" data-element_type="section" data-e-type="section">
						<div class="elementor-container elementor-column-gap-default">
					<div class="elementor-column elementor-col-100 elementor-top-column elementor-element elementor-element-cc950cc" data-id="cc950cc" data-element_type="column" data-e-type="column">
			<div class="elementor-widget-wrap elementor-element-populated">
						<div class="elementor-element elementor-element-1a43237 elementor-shape-circle e-grid-align-left elementor-grid-0 elementor-widget elementor-widget-social-icons" data-id="1a43237" data-element_type="widget" data-e-type="widget" data-widget_type="social-icons.default">
				<div class="elementor-widget-container">
							<div class="elementor-social-icons-wrapper elementor-grid" role="list">
							<span class="elementor-grid-item" role="listitem">
					<a class="elementor-icon elementor-social-icon elementor-social-icon-facebook elementor-repeater-item-12acc98" href="https://www.facebook.com/ananasdosacores" target="_blank">
						<span class="elementor-screen-only">Facebook</span>
						<i aria-hidden="true" class="fab fa-facebook"></i>					</a>
				</span>
							<span class="elementor-grid-item" role="listitem">
					<a class="elementor-icon elementor-social-icon elementor-social-icon-instagram elementor-repeater-item-121f886" href="https://www.instagram.com/ananasdosacores/?hl=pt" target="_blank">
						<span class="elementor-screen-only">Instagram</span>
						<i aria-hidden="true" class="fab fa-instagram"></i>					</a>
				</span>
							<span class="elementor-grid-item" role="listitem">
					<a class="elementor-icon elementor-social-icon elementor-social-icon-tripadvisor elementor-repeater-item-d96136f" href="https://www.tripadvisor.pt/UserReviewEdit-g189135-d17740832-Plantacao_de_Ananas_dos_Acores-Ponta_Delgada_Sao_Miguel_Azores.html" target="_blank">
						<span class="elementor-screen-only">Tripadvisor</span>
						<i aria-hidden="true" class="fab fa-tripadvisor"></i>					</a>
				</span>
					</div>
						</div>
				</div>
				<div class="elementor-element elementor-element-c7f965b elementor-widget elementor-widget-image" data-id="c7f965b" data-element_type="widget" data-e-type="widget" data-widget_type="image.default">
				<div class="elementor-widget-container">
															<img fetchpriority="high" decoding="async" width="820" height="360" src="https://ananasdosacores.pt/wp-content/uploads/2020/07/colheita-9.png" class="attachment-large size-large wp-image-1637" alt="" srcset="https://ananasdosacores.pt/wp-content/uploads/2020/07/colheita-9.png 820w, https://ananasdosacores.pt/wp-content/uploads/2020/07/colheita-9-600x263.png 600w, https://ananasdosacores.pt/wp-content/uploads/2020/07/colheita-9-300x132.png 300w, https://ananasdosacores.pt/wp-content/uploads/2020/07/colheita-9-768x337.png 768w" sizes="(max-width: 820px) 100vw, 820px" />															</div>
				</div>
				<div class="elementor-element elementor-element-366a2c71 elementor-widget elementor-widget-text-editor" data-id="366a2c71" data-element_type="widget" data-e-type="widget" data-widget_type="text-editor.default">
				<div class="elementor-widget-container">
									<p align="JUSTIFY"><span style="color: #000000;"><span style="font-family: Calibri, sans-serif;"><span style="font-size: medium;">Die Ananas gilt als nicht-klimatische Frucht, d.h. sie reift nach der Ernte nicht nach. Der Prozess der Anreicherung von Zucker in den Früchten findet in den letzten sechs bis acht Wochen statt. </span></span></span></p>
<p align="JUSTIFY"><span style="color: #000000;"><span style="font-family: Calibri, sans-serif;"><span style="font-size: medium;">Die Früchte müssen an der Pflanze reifen und mit vollem Beerenfruchtverband (Fruchtständen) geerntet werden, die mindestens eine orangene Pigmentierung von 25 % aufweisen, um den gelben Ton und den süßen Geschmack zu gewährleisten.</span></span></span></p>
<p align="JUSTIFY"><span style="color: #000000;"><span style="font-family: Calibri, sans-serif;"><span style="font-size: medium;">Die beste Ananas der Welt ist in den Sommermonaten aromatischer, süßer und weniger säurehaltig als in den Wintermonaten.</span></span></span></p>
<p align="JUSTIFY"><span style="color: #000000;"><span style="font-family: Calibri, sans-serif;"><span style="font-size: medium;">Die korrekteste Art, eine Ananas zu schneiden, ist, sie in vertikale Scheiben zu schneiden, da die größte Zuckerkonzentration in der Frucht an ihrer Basis vorhanden ist. Somit wird der Grad der Süße jeder Fruchtscheibe gleich sein, die einen süßeren und saureren Teil enthält.</span></span></span></p>
<p align="JUSTIFY"><span style="color: #000000;"><span style="font-family: Calibri, sans-serif;"><span style="font-size: medium;">Um eine gute Ananas auszuwählen, müssen zwei Hauptaspekte berücksichtigt werden, nämlich die Pigmentierung der Frucht und ihr Aroma. Je orangener und aromatischer die Ananas ist, desto süßer wird sie sein. Ein weiterer zu berücksichtigender Aspekt ist die Größe des Fruchtstandes der Ananas: je größer er ist, desto besser ist die Ananas.</span></span></span></p>								</div>
				</div>
					</div>
		</div>
					</div>
		</section>
				</div>

<p>Facebook Instagram Tripadvisor Die Ananas gilt als nicht-klimatische Frucht, d.h. sie reift nach der Ernte nicht nach. Der Prozess der Anreicherung von Zucker in den Früchten findet in den letzten sechs bis acht Wochen statt. Die Früchte müssen an der Pflanze reifen und mit vollem Beerenfruchtverband (Fruchtständen) geerntet werden, die mindestens eine orangene Pigmentierung von &hellip;</p>
<p class="read-more"> <a class="" href="https://ananasdosacores.pt/en/die-ernte/"> <span class="screen-reader-text">Die Ernte</span> Read More &raquo;</a></p>
