{"id":1416,"date":"2020-07-13T12:43:07","date_gmt":"2020-07-13T12:43:07","guid":{"rendered":"https:\/\/boafruta.pt\/?page_id=1416"},"modified":"2020-11-24T15:01:54","modified_gmt":"2020-11-24T16:01:54","slug":"la-moisson","status":"publish","type":"page","link":"https:\/\/ananasdosacores.pt\/en\/la-moisson\/","title":{"rendered":"La Moisson"},"content":{"rendered":"<div data-elementor-type=\"wp-page\" data-elementor-id=\"1416\" class=\"elementor elementor-1416\" data-elementor-post-type=\"page\">\n\t\t\t\t\t\t<section class=\"elementor-section elementor-top-section elementor-element elementor-element-7cef2185 elementor-section-boxed elementor-section-height-default elementor-section-height-default\" data-id=\"7cef2185\" data-element_type=\"section\" data-e-type=\"section\">\n\t\t\t\t\t\t<div class=\"elementor-container elementor-column-gap-default\">\n\t\t\t\t\t<div class=\"elementor-column elementor-col-100 elementor-top-column elementor-element elementor-element-89f1222\" data-id=\"89f1222\" data-element_type=\"column\" data-e-type=\"column\">\n\t\t\t<div class=\"elementor-widget-wrap elementor-element-populated\">\n\t\t\t\t\t\t<div class=\"elementor-element elementor-element-390869d elementor-shape-circle e-grid-align-left elementor-grid-0 elementor-widget elementor-widget-social-icons\" data-id=\"390869d\" data-element_type=\"widget\" data-e-type=\"widget\" data-widget_type=\"social-icons.default\">\n\t\t\t\t<div class=\"elementor-widget-container\">\n\t\t\t\t\t\t\t<div class=\"elementor-social-icons-wrapper elementor-grid\" role=\"list\">\n\t\t\t\t\t\t\t<span class=\"elementor-grid-item\" role=\"listitem\">\n\t\t\t\t\t<a class=\"elementor-icon elementor-social-icon elementor-social-icon-facebook elementor-repeater-item-595bad0\" href=\"https:\/\/www.facebook.com\/ananasdosacores\" target=\"_blank\">\n\t\t\t\t\t\t<span class=\"elementor-screen-only\">Facebook<\/span>\n\t\t\t\t\t\t<i aria-hidden=\"true\" class=\"fab fa-facebook\"><\/i>\t\t\t\t\t<\/a>\n\t\t\t\t<\/span>\n\t\t\t\t\t\t\t<span class=\"elementor-grid-item\" role=\"listitem\">\n\t\t\t\t\t<a class=\"elementor-icon elementor-social-icon elementor-social-icon-instagram elementor-repeater-item-fdd83ab\" href=\"https:\/\/www.instagram.com\/ananasdosacores\/?hl=pt\" target=\"_blank\">\n\t\t\t\t\t\t<span class=\"elementor-screen-only\">Instagram<\/span>\n\t\t\t\t\t\t<i aria-hidden=\"true\" class=\"fab fa-instagram\"><\/i>\t\t\t\t\t<\/a>\n\t\t\t\t<\/span>\n\t\t\t\t\t\t\t<span class=\"elementor-grid-item\" role=\"listitem\">\n\t\t\t\t\t<a class=\"elementor-icon elementor-social-icon elementor-social-icon-tripadvisor elementor-repeater-item-7437506\" href=\"https:\/\/www.tripadvisor.pt\/UserReviewEdit-g189135-d17740832-Plantacao_de_Ananas_dos_Acores-Ponta_Delgada_Sao_Miguel_Azores.html\" target=\"_blank\">\n\t\t\t\t\t\t<span class=\"elementor-screen-only\">Tripadvisor<\/span>\n\t\t\t\t\t\t<i aria-hidden=\"true\" class=\"fab fa-tripadvisor\"><\/i>\t\t\t\t\t<\/a>\n\t\t\t\t<\/span>\n\t\t\t\t\t<\/div>\n\t\t\t\t\t\t<\/div>\n\t\t\t\t<\/div>\n\t\t\t\t<div class=\"elementor-element elementor-element-c8bdcfb elementor-widget elementor-widget-image\" data-id=\"c8bdcfb\" data-element_type=\"widget\" data-e-type=\"widget\" data-widget_type=\"image.default\">\n\t\t\t\t<div class=\"elementor-widget-container\">\n\t\t\t\t\t\t\t\t\t\t\t\t\t\t\t<img fetchpriority=\"high\" decoding=\"async\" width=\"820\" height=\"360\" src=\"https:\/\/ananasdosacores.pt\/wp-content\/uploads\/2020\/07\/colheita-9.png\" class=\"attachment-large size-large wp-image-1637\" alt=\"\" srcset=\"https:\/\/ananasdosacores.pt\/wp-content\/uploads\/2020\/07\/colheita-9.png 820w, https:\/\/ananasdosacores.pt\/wp-content\/uploads\/2020\/07\/colheita-9-600x263.png 600w, https:\/\/ananasdosacores.pt\/wp-content\/uploads\/2020\/07\/colheita-9-300x132.png 300w, https:\/\/ananasdosacores.pt\/wp-content\/uploads\/2020\/07\/colheita-9-768x337.png 768w\" sizes=\"(max-width: 820px) 100vw, 820px\" \/>\t\t\t\t\t\t\t\t\t\t\t\t\t\t\t<\/div>\n\t\t\t\t<\/div>\n\t\t\t\t<div class=\"elementor-element elementor-element-995536b elementor-widget elementor-widget-text-editor\" data-id=\"995536b\" data-element_type=\"widget\" data-e-type=\"widget\" data-widget_type=\"text-editor.default\">\n\t\t\t\t<div class=\"elementor-widget-container\">\n\t\t\t\t\t\t\t\t\t<p align=\"JUSTIFY\"><span style=\"color: #000000;\"><span style=\"font-family: Calibri, sans-serif;\"><span style=\"font-size: medium;\">L\u2019ananas est un fruit non climact\u00e9rique, autrement dit un fruit qui ne continue pas de m\u00fbrir pas apr\u00e8s sa cueillette. Le processus d\u2019accumulation des sucres dans le fruit se produit au cours des six \u00e0 huit derni\u00e8res semaines. <\/span><\/span><\/span><\/p>\n<p align=\"JUSTIFY\"><span style=\"color: #000000;\"><span style=\"font-family: Calibri, sans-serif;\"><span style=\"font-size: medium;\">Afin de garantir que les fruits aient une tonalit\u00e9 jaune et un go\u00fbt sucr\u00e9, les fruits doivent m\u00fbrir sur la plante et \u00eatre cueillis quand leurs \u00e9cailles sont pleines et pr\u00e9sentent une pigmentation orang\u00e9e sur au moins 25 % du fruit. <\/span><\/span><\/span><\/p>\n<p align=\"JUSTIFY\"><span style=\"color: #000000;\"><span style=\"font-family: Calibri, sans-serif;\"><span style=\"font-size: medium;\">Le meilleur ananas du monde est plus parfum\u00e9, plus sucr\u00e9 et moins acide pendant les mois d\u2019\u00e9t\u00e9 que pendant les mois d\u2019hiver.<\/span><\/span><\/span><\/p>\n<p align=\"JUSTIFY\"><span style=\"color: #000000;\"><span style=\"font-family: Calibri, sans-serif;\"><span style=\"font-size: medium;\">La mani\u00e8re la plus correcte de couper un ananas est de faire des tranches en hauteur, car la grande concentration de sucre se trouve \u00e0 la base du fruit. De cette fa\u00e7on, chaque tranche de fruit aura une partie plus sucr\u00e9e et une partie plus acide et toutes les tranches contiendront la m\u00eame quantit\u00e9 de sucre.<\/span><\/span><\/span><\/p>\n<p align=\"JUSTIFY\"><span style=\"color: #000000;\"><span style=\"font-family: Calibri, sans-serif;\"><span style=\"font-size: medium;\">Pour bien choisir un ananas, il faut tenir compte de deux aspects essentiels, notamment la couleur du fruit et son parfum. Plus sa couleur est orang\u00e9e et plus il est parfum\u00e9, plus l\u2019ananas sera sucr\u00e9. L\u2019autre aspect \u00e0 prendre en compte est la taille des \u00e9cailles de l\u2019ananas, sachant que plus elles sont grandes plus l\u2019ananas sera bon.<\/span><\/span><\/span><\/p>\t\t\t\t\t\t\t\t<\/div>\n\t\t\t\t<\/div>\n\t\t\t\t\t<\/div>\n\t\t<\/div>\n\t\t\t\t\t<\/div>\n\t\t<\/section>\n\t\t\t\t<\/div>","protected":false},"excerpt":{"rendered":"<p>Facebook Instagram Tripadvisor L\u2019ananas est un fruit non climact\u00e9rique, autrement dit un fruit qui ne continue pas de m\u00fbrir pas apr\u00e8s sa cueillette. Le processus d\u2019accumulation des sucres dans le fruit se produit au cours des six \u00e0 huit derni\u00e8res semaines. Afin de garantir que les fruits aient une tonalit\u00e9 jaune et un go\u00fbt sucr\u00e9, &hellip;<\/p>\n<p class=\"read-more\"> <a class=\"\" href=\"https:\/\/ananasdosacores.pt\/en\/la-moisson\/\"> <span class=\"screen-reader-text\">La Moisson<\/span> Read More &raquo;<\/a><\/p>","protected":false},"author":1,"featured_media":0,"parent":0,"menu_order":0,"comment_status":"closed","ping_status":"closed","template":"","meta":{"_monsterinsights_skip_tracking":false,"_monsterinsights_sitenote_active":false,"_monsterinsights_sitenote_note":"","_monsterinsights_sitenote_category":0,"site-sidebar-layout":"default","site-content-layout":"default","ast-main-header-display":"","ast-hfb-above-header-display":"","ast-hfb-below-header-display":"","ast-hfb-mobile-header-display":"","site-post-title":"","ast-breadcrumbs-content":"","ast-featured-img":"","footer-sml-layout":"","theme-transparent-header-meta":"","adv-header-id-meta":"","stick-header-meta":"","header-above-stick-meta":"","header-main-stick-meta":"","header-below-stick-meta":"","footnotes":""},"class_list":["post-1416","page","type-page","status-publish","hentry"],"jetpack_sharing_enabled":true,"_links":{"self":[{"href":"https:\/\/ananasdosacores.pt\/en\/wp-json\/wp\/v2\/pages\/1416","targetHints":{"allow":["GET"]}}],"collection":[{"href":"https:\/\/ananasdosacores.pt\/en\/wp-json\/wp\/v2\/pages"}],"about":[{"href":"https:\/\/ananasdosacores.pt\/en\/wp-json\/wp\/v2\/types\/page"}],"author":[{"embeddable":true,"href":"https:\/\/ananasdosacores.pt\/en\/wp-json\/wp\/v2\/users\/1"}],"replies":[{"embeddable":true,"href":"https:\/\/ananasdosacores.pt\/en\/wp-json\/wp\/v2\/comments?post=1416"}],"version-history":[{"count":0,"href":"https:\/\/ananasdosacores.pt\/en\/wp-json\/wp\/v2\/pages\/1416\/revisions"}],"wp:attachment":[{"href":"https:\/\/ananasdosacores.pt\/en\/wp-json\/wp\/v2\/media?parent=1416"}],"curies":[{"name":"wp","href":"https:\/\/api.w.org\/{rel}","templated":true}]}}

<div data-elementor-type="wp-page" data-elementor-id="1416" class="elementor elementor-1416" data-elementor-post-type="page">
						<section class="elementor-section elementor-top-section elementor-element elementor-element-7cef2185 elementor-section-boxed elementor-section-height-default elementor-section-height-default" data-id="7cef2185" data-element_type="section" data-e-type="section">
						<div class="elementor-container elementor-column-gap-default">
					<div class="elementor-column elementor-col-100 elementor-top-column elementor-element elementor-element-89f1222" data-id="89f1222" data-element_type="column" data-e-type="column">
			<div class="elementor-widget-wrap elementor-element-populated">
						<div class="elementor-element elementor-element-390869d elementor-shape-circle e-grid-align-left elementor-grid-0 elementor-widget elementor-widget-social-icons" data-id="390869d" data-element_type="widget" data-e-type="widget" data-widget_type="social-icons.default">
				<div class="elementor-widget-container">
							<div class="elementor-social-icons-wrapper elementor-grid" role="list">
							<span class="elementor-grid-item" role="listitem">
					<a class="elementor-icon elementor-social-icon elementor-social-icon-facebook elementor-repeater-item-595bad0" href="https://www.facebook.com/ananasdosacores" target="_blank">
						<span class="elementor-screen-only">Facebook</span>
						<i aria-hidden="true" class="fab fa-facebook"></i>					</a>
				</span>
							<span class="elementor-grid-item" role="listitem">
					<a class="elementor-icon elementor-social-icon elementor-social-icon-instagram elementor-repeater-item-fdd83ab" href="https://www.instagram.com/ananasdosacores/?hl=pt" target="_blank">
						<span class="elementor-screen-only">Instagram</span>
						<i aria-hidden="true" class="fab fa-instagram"></i>					</a>
				</span>
							<span class="elementor-grid-item" role="listitem">
					<a class="elementor-icon elementor-social-icon elementor-social-icon-tripadvisor elementor-repeater-item-7437506" href="https://www.tripadvisor.pt/UserReviewEdit-g189135-d17740832-Plantacao_de_Ananas_dos_Acores-Ponta_Delgada_Sao_Miguel_Azores.html" target="_blank">
						<span class="elementor-screen-only">Tripadvisor</span>
						<i aria-hidden="true" class="fab fa-tripadvisor"></i>					</a>
				</span>
					</div>
						</div>
				</div>
				<div class="elementor-element elementor-element-c8bdcfb elementor-widget elementor-widget-image" data-id="c8bdcfb" data-element_type="widget" data-e-type="widget" data-widget_type="image.default">
				<div class="elementor-widget-container">
															<img fetchpriority="high" decoding="async" width="820" height="360" src="https://ananasdosacores.pt/wp-content/uploads/2020/07/colheita-9.png" class="attachment-large size-large wp-image-1637" alt="" srcset="https://ananasdosacores.pt/wp-content/uploads/2020/07/colheita-9.png 820w, https://ananasdosacores.pt/wp-content/uploads/2020/07/colheita-9-600x263.png 600w, https://ananasdosacores.pt/wp-content/uploads/2020/07/colheita-9-300x132.png 300w, https://ananasdosacores.pt/wp-content/uploads/2020/07/colheita-9-768x337.png 768w" sizes="(max-width: 820px) 100vw, 820px" />															</div>
				</div>
				<div class="elementor-element elementor-element-995536b elementor-widget elementor-widget-text-editor" data-id="995536b" data-element_type="widget" data-e-type="widget" data-widget_type="text-editor.default">
				<div class="elementor-widget-container">
									<p align="JUSTIFY"><span style="color: #000000;"><span style="font-family: Calibri, sans-serif;"><span style="font-size: medium;">L’ananas est un fruit non climactérique, autrement dit un fruit qui ne continue pas de mûrir pas après sa cueillette. Le processus d’accumulation des sucres dans le fruit se produit au cours des six à huit dernières semaines. </span></span></span></p>
<p align="JUSTIFY"><span style="color: #000000;"><span style="font-family: Calibri, sans-serif;"><span style="font-size: medium;">Afin de garantir que les fruits aient une tonalité jaune et un goût sucré, les fruits doivent mûrir sur la plante et être cueillis quand leurs écailles sont pleines et présentent une pigmentation orangée sur au moins 25 % du fruit. </span></span></span></p>
<p align="JUSTIFY"><span style="color: #000000;"><span style="font-family: Calibri, sans-serif;"><span style="font-size: medium;">Le meilleur ananas du monde est plus parfumé, plus sucré et moins acide pendant les mois d’été que pendant les mois d’hiver.</span></span></span></p>
<p align="JUSTIFY"><span style="color: #000000;"><span style="font-family: Calibri, sans-serif;"><span style="font-size: medium;">La manière la plus correcte de couper un ananas est de faire des tranches en hauteur, car la grande concentration de sucre se trouve à la base du fruit. De cette façon, chaque tranche de fruit aura une partie plus sucrée et une partie plus acide et toutes les tranches contiendront la même quantité de sucre.</span></span></span></p>
<p align="JUSTIFY"><span style="color: #000000;"><span style="font-family: Calibri, sans-serif;"><span style="font-size: medium;">Pour bien choisir un ananas, il faut tenir compte de deux aspects essentiels, notamment la couleur du fruit et son parfum. Plus sa couleur est orangée et plus il est parfumé, plus l’ananas sera sucré. L’autre aspect à prendre en compte est la taille des écailles de l’ananas, sachant que plus elles sont grandes plus l’ananas sera bon.</span></span></span></p>								</div>
				</div>
					</div>
		</div>
					</div>
		</section>
				</div>

<p>Facebook Instagram Tripadvisor L’ananas est un fruit non climactérique, autrement dit un fruit qui ne continue pas de mûrir pas après sa cueillette. Le processus d’accumulation des sucres dans le fruit se produit au cours des six à huit dernières semaines. Afin de garantir que les fruits aient une tonalité jaune et un goût sucré, &hellip;</p>
<p class="read-more"> <a class="" href="https://ananasdosacores.pt/en/la-moisson/"> <span class="screen-reader-text">La Moisson</span> Read More &raquo;</a></p>
