{"id":1400,"date":"2020-07-13T12:34:13","date_gmt":"2020-07-13T12:34:13","guid":{"rendered":"https:\/\/boafruta.pt\/?page_id=1400"},"modified":"2020-11-19T16:18:07","modified_gmt":"2020-11-19T17:18:07","slug":"die-kronen","status":"publish","type":"page","link":"https:\/\/ananasdosacores.pt\/en\/die-kronen\/","title":{"rendered":"Das Abschneiden der Krone (des Blattschopfes)"},"content":{"rendered":"<div data-elementor-type=\"wp-page\" data-elementor-id=\"1400\" class=\"elementor elementor-1400\" data-elementor-post-type=\"page\">\n\t\t\t\t<section class=\"elementor-section elementor-top-section elementor-element elementor-element-665e3a82 elementor-section-boxed elementor-section-height-default elementor-section-height-default\" data-id=\"665e3a82\" data-element_type=\"section\" data-e-type=\"section\">\n\t\t\t\t\t\t<div class=\"elementor-container elementor-column-gap-default\">\n\t\t\t\t\t<div class=\"elementor-column elementor-col-100 elementor-top-column elementor-element elementor-element-6f3e4d2c\" data-id=\"6f3e4d2c\" data-element_type=\"column\" data-e-type=\"column\">\n\t\t\t<div class=\"elementor-widget-wrap elementor-element-populated\">\n\t\t\t\t\t\t<div class=\"elementor-element elementor-element-e7f481c elementor-shape-circle e-grid-align-left elementor-grid-0 elementor-widget elementor-widget-social-icons\" data-id=\"e7f481c\" data-element_type=\"widget\" data-e-type=\"widget\" data-widget_type=\"social-icons.default\">\n\t\t\t\t<div class=\"elementor-widget-container\">\n\t\t\t\t\t\t\t<div class=\"elementor-social-icons-wrapper elementor-grid\" role=\"list\">\n\t\t\t\t\t\t\t<span class=\"elementor-grid-item\" role=\"listitem\">\n\t\t\t\t\t<a class=\"elementor-icon elementor-social-icon elementor-social-icon-facebook elementor-repeater-item-bb16f25\" href=\"https:\/\/www.facebook.com\/ananasdosacores\" target=\"_blank\">\n\t\t\t\t\t\t<span class=\"elementor-screen-only\">Facebook<\/span>\n\t\t\t\t\t\t<i aria-hidden=\"true\" class=\"fab fa-facebook\"><\/i>\t\t\t\t\t<\/a>\n\t\t\t\t<\/span>\n\t\t\t\t\t\t\t<span class=\"elementor-grid-item\" role=\"listitem\">\n\t\t\t\t\t<a class=\"elementor-icon elementor-social-icon elementor-social-icon-instagram elementor-repeater-item-2f4da36\" href=\"https:\/\/www.instagram.com\/ananasdosacores\/?hl=pt\" target=\"_blank\">\n\t\t\t\t\t\t<span class=\"elementor-screen-only\">Instagram<\/span>\n\t\t\t\t\t\t<i aria-hidden=\"true\" class=\"fab fa-instagram\"><\/i>\t\t\t\t\t<\/a>\n\t\t\t\t<\/span>\n\t\t\t\t\t\t\t<span class=\"elementor-grid-item\" role=\"listitem\">\n\t\t\t\t\t<a class=\"elementor-icon elementor-social-icon elementor-social-icon-tripadvisor elementor-repeater-item-b80ee2e\" href=\"https:\/\/www.tripadvisor.pt\/UserReviewEdit-g189135-d17740832-Plantacao_de_Ananas_dos_Acores-Ponta_Delgada_Sao_Miguel_Azores.html\" target=\"_blank\">\n\t\t\t\t\t\t<span class=\"elementor-screen-only\">Tripadvisor<\/span>\n\t\t\t\t\t\t<i aria-hidden=\"true\" class=\"fab fa-tripadvisor\"><\/i>\t\t\t\t\t<\/a>\n\t\t\t\t<\/span>\n\t\t\t\t\t<\/div>\n\t\t\t\t\t\t<\/div>\n\t\t\t\t<\/div>\n\t\t\t\t<div class=\"elementor-element elementor-element-07bb9c2 elementor-widget elementor-widget-image\" data-id=\"07bb9c2\" data-element_type=\"widget\" data-e-type=\"widget\" data-widget_type=\"image.default\">\n\t\t\t\t<div class=\"elementor-widget-container\">\n\t\t\t\t\t\t\t\t\t\t\t\t\t\t\t<img fetchpriority=\"high\" decoding=\"async\" width=\"820\" height=\"360\" src=\"https:\/\/ananasdosacores.pt\/wp-content\/uploads\/2020\/07\/capa\u00e7\u00e3o-da-coroa.jpg\" class=\"attachment-large size-large wp-image-1645\" alt=\"\" srcset=\"https:\/\/ananasdosacores.pt\/wp-content\/uploads\/2020\/07\/capa\u00e7\u00e3o-da-coroa.jpg 820w, https:\/\/ananasdosacores.pt\/wp-content\/uploads\/2020\/07\/capa\u00e7\u00e3o-da-coroa-600x263.jpg 600w, https:\/\/ananasdosacores.pt\/wp-content\/uploads\/2020\/07\/capa\u00e7\u00e3o-da-coroa-300x132.jpg 300w, https:\/\/ananasdosacores.pt\/wp-content\/uploads\/2020\/07\/capa\u00e7\u00e3o-da-coroa-768x337.jpg 768w\" sizes=\"(max-width: 820px) 100vw, 820px\" \/>\t\t\t\t\t\t\t\t\t\t\t\t\t\t\t<\/div>\n\t\t\t\t<\/div>\n\t\t\t\t<div class=\"elementor-element elementor-element-307725a3 elementor-widget elementor-widget-text-editor\" data-id=\"307725a3\" data-element_type=\"widget\" data-e-type=\"widget\" data-widget_type=\"text-editor.default\">\n\t\t\t\t<div class=\"elementor-widget-container\"><p align=\"JUSTIFY\"><span style=\"color: #000000;\"><span style=\"font-family: Calibri, sans-serif;\"><span style=\"font-size: medium;\">Wenn der Blattschopf der Ananas etwa 1\/3 der endg\u00fcltigen Gr\u00f6\u00dfe der Frucht erreicht (normalerweise zwei Monate nach dem Erscheinen der Bl\u00fcte), wird das freie zentrale apikale Meristem des Blattschopfes unterdr\u00fcckt. <\/span><\/span><\/span><\/p>\n<p align=\"JUSTIFY\"><span style=\"color: #000000;\"><span style=\"font-family: Calibri, sans-serif;\"><span style=\"font-size: medium;\">Dieses Verfahren ver\u00e4ndert nicht nur das endg\u00fcltige Aussehen der Frucht, sondern erlaubt es der Pflanze, ihre Energie auf das Wachstum der Frucht zu konzentrieren, zum Nachteil des Blattschopfes. Dar\u00fcber hinaus bedeutet die Technik der Unterdr\u00fcckung des Meristems, die mit einem h\u00f6lzernen Spatel ausgef\u00fchrt wird, dass ein direkter Lichteinfall unter der Frucht stattfindet, eine Tatsache, die ihre nat\u00fcrliche Reifung beg\u00fcnstigt. <\/span><\/span><\/span><\/p>\n<p align=\"JUSTIFY\"><span style=\"color: #000000;\"><span style=\"font-family: Calibri, sans-serif;\"><span style=\"font-size: medium;\">Aus diesem Grund ist die Spitze der besten Ananas der Welt runder und weniger spitz und ihr Blattschopf ist deutlich kleiner als die der anderen Ananasse.<\/span><\/span><\/span><\/p><p>\u00a0<\/p><p>\u00a0<\/p><\/div>\n\t\t\t\t<\/div>\n\t\t\t\t\t<\/div>\n\t\t<\/div>\n\t\t\t\t\t<\/div>\n\t\t<\/section>\t\t<\/div>","protected":false},"excerpt":{"rendered":"<p>Facebook Instagram Tripadvisor Wenn der Blattschopf der Ananas etwa 1\/3 der endg\u00fcltigen Gr\u00f6\u00dfe der Frucht erreicht (normalerweise zwei Monate nach dem Erscheinen der Bl\u00fcte), wird das freie zentrale apikale Meristem des Blattschopfes unterdr\u00fcckt. Dieses Verfahren ver\u00e4ndert nicht nur das endg\u00fcltige Aussehen der Frucht, sondern erlaubt es der Pflanze, ihre Energie auf das Wachstum der Frucht &hellip;<\/p>\n<p class=\"read-more\"> <a class=\"\" href=\"https:\/\/ananasdosacores.pt\/en\/die-kronen\/\"> <span class=\"screen-reader-text\">Das Abschneiden der Krone (des Blattschopfes)<\/span> Read More &raquo;<\/a><\/p>","protected":false},"author":1,"featured_media":0,"parent":0,"menu_order":0,"comment_status":"closed","ping_status":"closed","template":"","meta":{"_monsterinsights_skip_tracking":false,"_monsterinsights_sitenote_active":false,"_monsterinsights_sitenote_note":"","_monsterinsights_sitenote_category":0,"site-sidebar-layout":"default","site-content-layout":"default","ast-main-header-display":"","ast-hfb-above-header-display":"","ast-hfb-below-header-display":"","ast-hfb-mobile-header-display":"","site-post-title":"","ast-breadcrumbs-content":"","ast-featured-img":"","footer-sml-layout":"","theme-transparent-header-meta":"default","adv-header-id-meta":"","stick-header-meta":"","header-above-stick-meta":"","header-main-stick-meta":"","header-below-stick-meta":"","footnotes":""},"class_list":["post-1400","page","type-page","status-publish","hentry"],"jetpack_sharing_enabled":true,"_links":{"self":[{"href":"https:\/\/ananasdosacores.pt\/en\/wp-json\/wp\/v2\/pages\/1400","targetHints":{"allow":["GET"]}}],"collection":[{"href":"https:\/\/ananasdosacores.pt\/en\/wp-json\/wp\/v2\/pages"}],"about":[{"href":"https:\/\/ananasdosacores.pt\/en\/wp-json\/wp\/v2\/types\/page"}],"author":[{"embeddable":true,"href":"https:\/\/ananasdosacores.pt\/en\/wp-json\/wp\/v2\/users\/1"}],"replies":[{"embeddable":true,"href":"https:\/\/ananasdosacores.pt\/en\/wp-json\/wp\/v2\/comments?post=1400"}],"version-history":[{"count":0,"href":"https:\/\/ananasdosacores.pt\/en\/wp-json\/wp\/v2\/pages\/1400\/revisions"}],"wp:attachment":[{"href":"https:\/\/ananasdosacores.pt\/en\/wp-json\/wp\/v2\/media?parent=1400"}],"curies":[{"name":"wp","href":"https:\/\/api.w.org\/{rel}","templated":true}]}}

<div data-elementor-type="wp-page" data-elementor-id="1400" class="elementor elementor-1400" data-elementor-post-type="page">
				<section class="elementor-section elementor-top-section elementor-element elementor-element-665e3a82 elementor-section-boxed elementor-section-height-default elementor-section-height-default" data-id="665e3a82" data-element_type="section" data-e-type="section">
						<div class="elementor-container elementor-column-gap-default">
					<div class="elementor-column elementor-col-100 elementor-top-column elementor-element elementor-element-6f3e4d2c" data-id="6f3e4d2c" data-element_type="column" data-e-type="column">
			<div class="elementor-widget-wrap elementor-element-populated">
						<div class="elementor-element elementor-element-e7f481c elementor-shape-circle e-grid-align-left elementor-grid-0 elementor-widget elementor-widget-social-icons" data-id="e7f481c" data-element_type="widget" data-e-type="widget" data-widget_type="social-icons.default">
				<div class="elementor-widget-container">
							<div class="elementor-social-icons-wrapper elementor-grid" role="list">
							<span class="elementor-grid-item" role="listitem">
					<a class="elementor-icon elementor-social-icon elementor-social-icon-facebook elementor-repeater-item-bb16f25" href="https://www.facebook.com/ananasdosacores" target="_blank">
						<span class="elementor-screen-only">Facebook</span>
						<i aria-hidden="true" class="fab fa-facebook"></i>					</a>
				</span>
							<span class="elementor-grid-item" role="listitem">
					<a class="elementor-icon elementor-social-icon elementor-social-icon-instagram elementor-repeater-item-2f4da36" href="https://www.instagram.com/ananasdosacores/?hl=pt" target="_blank">
						<span class="elementor-screen-only">Instagram</span>
						<i aria-hidden="true" class="fab fa-instagram"></i>					</a>
				</span>
							<span class="elementor-grid-item" role="listitem">
					<a class="elementor-icon elementor-social-icon elementor-social-icon-tripadvisor elementor-repeater-item-b80ee2e" href="https://www.tripadvisor.pt/UserReviewEdit-g189135-d17740832-Plantacao_de_Ananas_dos_Acores-Ponta_Delgada_Sao_Miguel_Azores.html" target="_blank">
						<span class="elementor-screen-only">Tripadvisor</span>
						<i aria-hidden="true" class="fab fa-tripadvisor"></i>					</a>
				</span>
					</div>
						</div>
				</div>
				<div class="elementor-element elementor-element-07bb9c2 elementor-widget elementor-widget-image" data-id="07bb9c2" data-element_type="widget" data-e-type="widget" data-widget_type="image.default">
				<div class="elementor-widget-container">
															<img fetchpriority="high" decoding="async" width="820" height="360" src="https://ananasdosacores.pt/wp-content/uploads/2020/07/capação-da-coroa.jpg" class="attachment-large size-large wp-image-1645" alt="" srcset="https://ananasdosacores.pt/wp-content/uploads/2020/07/capação-da-coroa.jpg 820w, https://ananasdosacores.pt/wp-content/uploads/2020/07/capação-da-coroa-600x263.jpg 600w, https://ananasdosacores.pt/wp-content/uploads/2020/07/capação-da-coroa-300x132.jpg 300w, https://ananasdosacores.pt/wp-content/uploads/2020/07/capação-da-coroa-768x337.jpg 768w" sizes="(max-width: 820px) 100vw, 820px" />															</div>
				</div>
				<div class="elementor-element elementor-element-307725a3 elementor-widget elementor-widget-text-editor" data-id="307725a3" data-element_type="widget" data-e-type="widget" data-widget_type="text-editor.default">
				<div class="elementor-widget-container"><p align="JUSTIFY"><span style="color: #000000;"><span style="font-family: Calibri, sans-serif;"><span style="font-size: medium;">Wenn der Blattschopf der Ananas etwa 1/3 der endgültigen Größe der Frucht erreicht (normalerweise zwei Monate nach dem Erscheinen der Blüte), wird das freie zentrale apikale Meristem des Blattschopfes unterdrückt. </span></span></span></p>
<p align="JUSTIFY"><span style="color: #000000;"><span style="font-family: Calibri, sans-serif;"><span style="font-size: medium;">Dieses Verfahren verändert nicht nur das endgültige Aussehen der Frucht, sondern erlaubt es der Pflanze, ihre Energie auf das Wachstum der Frucht zu konzentrieren, zum Nachteil des Blattschopfes. Darüber hinaus bedeutet die Technik der Unterdrückung des Meristems, die mit einem hölzernen Spatel ausgeführt wird, dass ein direkter Lichteinfall unter der Frucht stattfindet, eine Tatsache, die ihre natürliche Reifung begünstigt. </span></span></span></p>
<p align="JUSTIFY"><span style="color: #000000;"><span style="font-family: Calibri, sans-serif;"><span style="font-size: medium;">Aus diesem Grund ist die Spitze der besten Ananas der Welt runder und weniger spitz und ihr Blattschopf ist deutlich kleiner als die der anderen Ananasse.</span></span></span></p><p> </p><p> </p></div>
				</div>
					</div>
		</div>
					</div>
		</section>		</div>

<p>Facebook Instagram Tripadvisor Wenn der Blattschopf der Ananas etwa 1/3 der endgültigen Größe der Frucht erreicht (normalerweise zwei Monate nach dem Erscheinen der Blüte), wird das freie zentrale apikale Meristem des Blattschopfes unterdrückt. Dieses Verfahren verändert nicht nur das endgültige Aussehen der Frucht, sondern erlaubt es der Pflanze, ihre Energie auf das Wachstum der Frucht &hellip;</p>
<p class="read-more"> <a class="" href="https://ananasdosacores.pt/en/die-kronen/"> <span class="screen-reader-text">Das Abschneiden der Krone (des Blattschopfes)</span> Read More &raquo;</a></p>
