{"id":1347,"date":"2020-07-13T11:14:50","date_gmt":"2020-07-13T11:14:50","guid":{"rendered":"https:\/\/boafruta.pt\/?page_id=1347"},"modified":"2020-11-24T15:03:53","modified_gmt":"2020-11-24T16:03:53","slug":"la-phase-definitive-de-la-production-fruitiere","status":"publish","type":"page","link":"https:\/\/ananasdosacores.pt\/en\/la-phase-definitive-de-la-production-fruitiere\/","title":{"rendered":"La phase d\u00e9finitive de la production fruiti\u00e8re"},"content":{"rendered":"<div data-elementor-type=\"wp-page\" data-elementor-id=\"1347\" class=\"elementor elementor-1347\" data-elementor-post-type=\"page\">\n\t\t\t\t\t\t<section class=\"elementor-section elementor-top-section elementor-element elementor-element-d4922b6 elementor-section-boxed elementor-section-height-default elementor-section-height-default\" data-id=\"d4922b6\" data-element_type=\"section\" data-e-type=\"section\">\n\t\t\t\t\t\t<div class=\"elementor-container elementor-column-gap-default\">\n\t\t\t\t\t<div class=\"elementor-column elementor-col-100 elementor-top-column elementor-element elementor-element-3c9de267\" data-id=\"3c9de267\" data-element_type=\"column\" data-e-type=\"column\">\n\t\t\t<div class=\"elementor-widget-wrap elementor-element-populated\">\n\t\t\t\t\t\t<div class=\"elementor-element elementor-element-4db1d02 elementor-shape-circle e-grid-align-left elementor-grid-0 elementor-widget elementor-widget-social-icons\" data-id=\"4db1d02\" data-element_type=\"widget\" data-e-type=\"widget\" data-widget_type=\"social-icons.default\">\n\t\t\t\t<div class=\"elementor-widget-container\">\n\t\t\t\t\t\t\t<div class=\"elementor-social-icons-wrapper elementor-grid\" role=\"list\">\n\t\t\t\t\t\t\t<span class=\"elementor-grid-item\" role=\"listitem\">\n\t\t\t\t\t<a class=\"elementor-icon elementor-social-icon elementor-social-icon-facebook elementor-repeater-item-e7aa787\" href=\"https:\/\/www.facebook.com\/ananasdosacores\" target=\"_blank\">\n\t\t\t\t\t\t<span class=\"elementor-screen-only\">Facebook<\/span>\n\t\t\t\t\t\t<i aria-hidden=\"true\" class=\"fab fa-facebook\"><\/i>\t\t\t\t\t<\/a>\n\t\t\t\t<\/span>\n\t\t\t\t\t\t\t<span class=\"elementor-grid-item\" role=\"listitem\">\n\t\t\t\t\t<a class=\"elementor-icon elementor-social-icon elementor-social-icon-instagram elementor-repeater-item-7d3c33b\" href=\"https:\/\/www.instagram.com\/ananasdosacores\/?hl=pt\" target=\"_blank\">\n\t\t\t\t\t\t<span class=\"elementor-screen-only\">Instagram<\/span>\n\t\t\t\t\t\t<i aria-hidden=\"true\" class=\"fab fa-instagram\"><\/i>\t\t\t\t\t<\/a>\n\t\t\t\t<\/span>\n\t\t\t\t\t\t\t<span class=\"elementor-grid-item\" role=\"listitem\">\n\t\t\t\t\t<a class=\"elementor-icon elementor-social-icon elementor-social-icon-tripadvisor elementor-repeater-item-cc364a6\" href=\"https:\/\/www.tripadvisor.pt\/UserReviewEdit-g189135-d17740832-Plantacao_de_Ananas_dos_Acores-Ponta_Delgada_Sao_Miguel_Azores.html\" target=\"_blank\">\n\t\t\t\t\t\t<span class=\"elementor-screen-only\">Tripadvisor<\/span>\n\t\t\t\t\t\t<i aria-hidden=\"true\" class=\"fab fa-tripadvisor\"><\/i>\t\t\t\t\t<\/a>\n\t\t\t\t<\/span>\n\t\t\t\t\t<\/div>\n\t\t\t\t\t\t<\/div>\n\t\t\t\t<\/div>\n\t\t\t\t<div class=\"elementor-element elementor-element-3120997 elementor-widget elementor-widget-image\" data-id=\"3120997\" data-element_type=\"widget\" data-e-type=\"widget\" data-widget_type=\"image.default\">\n\t\t\t\t<div class=\"elementor-widget-container\">\n\t\t\t\t\t\t\t\t\t\t\t\t\t\t\t<img fetchpriority=\"high\" decoding=\"async\" width=\"820\" height=\"360\" src=\"https:\/\/ananasdosacores.pt\/wp-content\/uploads\/2020\/07\/fase-definitiva.jpg\" class=\"attachment-large size-large wp-image-1686\" alt=\"\" srcset=\"https:\/\/ananasdosacores.pt\/wp-content\/uploads\/2020\/07\/fase-definitiva.jpg 820w, https:\/\/ananasdosacores.pt\/wp-content\/uploads\/2020\/07\/fase-definitiva-600x263.jpg 600w, https:\/\/ananasdosacores.pt\/wp-content\/uploads\/2020\/07\/fase-definitiva-300x132.jpg 300w, https:\/\/ananasdosacores.pt\/wp-content\/uploads\/2020\/07\/fase-definitiva-768x337.jpg 768w\" sizes=\"(max-width: 820px) 100vw, 820px\" \/>\t\t\t\t\t\t\t\t\t\t\t\t\t\t\t<\/div>\n\t\t\t\t<\/div>\n\t\t\t\t<div class=\"elementor-element elementor-element-386653e7 elementor-widget elementor-widget-text-editor\" data-id=\"386653e7\" data-element_type=\"widget\" data-e-type=\"widget\" data-widget_type=\"text-editor.default\">\n\t\t\t\t<div class=\"elementor-widget-container\">\n\t\t\t\t\t\t\t\t\t<p align=\"JUSTIFY\"><span style=\"color: #000000;\"><span style=\"font-family: Calibri, sans-serif;\"><span style=\"font-size: medium;\">\u00c0 ce dernier stade de la production, les plants sont transplant\u00e9s d\u00e9finitivement dans une serre, o\u00f9 ils resteront jusqu\u2019au moment de la cueillette. Six mois apr\u00e8s la plantation d\u00e9finitive du plant, on recourt \u00e0 la technique de fumigation.<\/span><\/span><\/span><\/p>\n<p align=\"JUSTIFY\"><span style=\"color: #000000;\"><span style=\"font-family: Calibri, sans-serif;\"><span style=\"font-size: medium;\">On retire le rhizome de la plante dont on a cueilli le fruit, puisque c\u2019est lui qui donnera naissance \u00e0 de nouveaux plants et donc \u00e0 un nouveau cycle de production de l\u2019ananas des A\u00e7ores.<\/span><\/span><\/span><\/p>\n<p align=\"JUSTIFY\"><span style=\"color: #000000;\"><span style=\"font-family: Calibri, sans-serif;\"><span style=\"font-size: medium;\">L\u2019ensemble du processus de production et de culture de l\u2019ananas des A\u00e7ores dure douze mois environ, depuis le moment de la plantation des souches jusqu\u2019au moment o\u00f9 les fruits sont pr\u00eats \u00e0 \u00eatre cueillis.<\/span><\/span><\/span><\/p>\t\t\t\t\t\t\t\t<\/div>\n\t\t\t\t<\/div>\n\t\t\t\t\t<\/div>\n\t\t<\/div>\n\t\t\t\t\t<\/div>\n\t\t<\/section>\n\t\t\t\t<\/div>","protected":false},"excerpt":{"rendered":"<p>Facebook Instagram Tripadvisor \u00c0 ce dernier stade de la production, les plants sont transplant\u00e9s d\u00e9finitivement dans une serre, o\u00f9 ils resteront jusqu\u2019au moment de la cueillette. Six mois apr\u00e8s la plantation d\u00e9finitive du plant, on recourt \u00e0 la technique de fumigation. On retire le rhizome de la plante dont on a cueilli le fruit, puisque &hellip;<\/p>\n<p class=\"read-more\"> <a class=\"\" href=\"https:\/\/ananasdosacores.pt\/en\/la-phase-definitive-de-la-production-fruitiere\/\"> <span class=\"screen-reader-text\">La phase d\u00e9finitive de la production fruiti\u00e8re<\/span> Read More &raquo;<\/a><\/p>","protected":false},"author":1,"featured_media":0,"parent":0,"menu_order":0,"comment_status":"closed","ping_status":"closed","template":"","meta":{"_monsterinsights_skip_tracking":false,"_monsterinsights_sitenote_active":false,"_monsterinsights_sitenote_note":"","_monsterinsights_sitenote_category":0,"site-sidebar-layout":"default","site-content-layout":"default","ast-main-header-display":"","ast-hfb-above-header-display":"","ast-hfb-below-header-display":"","ast-hfb-mobile-header-display":"","site-post-title":"","ast-breadcrumbs-content":"","ast-featured-img":"","footer-sml-layout":"","theme-transparent-header-meta":"","adv-header-id-meta":"","stick-header-meta":"","header-above-stick-meta":"","header-main-stick-meta":"","header-below-stick-meta":"","footnotes":""},"class_list":["post-1347","page","type-page","status-publish","hentry"],"jetpack_sharing_enabled":true,"_links":{"self":[{"href":"https:\/\/ananasdosacores.pt\/en\/wp-json\/wp\/v2\/pages\/1347","targetHints":{"allow":["GET"]}}],"collection":[{"href":"https:\/\/ananasdosacores.pt\/en\/wp-json\/wp\/v2\/pages"}],"about":[{"href":"https:\/\/ananasdosacores.pt\/en\/wp-json\/wp\/v2\/types\/page"}],"author":[{"embeddable":true,"href":"https:\/\/ananasdosacores.pt\/en\/wp-json\/wp\/v2\/users\/1"}],"replies":[{"embeddable":true,"href":"https:\/\/ananasdosacores.pt\/en\/wp-json\/wp\/v2\/comments?post=1347"}],"version-history":[{"count":0,"href":"https:\/\/ananasdosacores.pt\/en\/wp-json\/wp\/v2\/pages\/1347\/revisions"}],"wp:attachment":[{"href":"https:\/\/ananasdosacores.pt\/en\/wp-json\/wp\/v2\/media?parent=1347"}],"curies":[{"name":"wp","href":"https:\/\/api.w.org\/{rel}","templated":true}]}}

La phase définitive de la production fruitière

<div data-elementor-type="wp-page" data-elementor-id="1347" class="elementor elementor-1347" data-elementor-post-type="page">
						<section class="elementor-section elementor-top-section elementor-element elementor-element-d4922b6 elementor-section-boxed elementor-section-height-default elementor-section-height-default" data-id="d4922b6" data-element_type="section" data-e-type="section">
						<div class="elementor-container elementor-column-gap-default">
					<div class="elementor-column elementor-col-100 elementor-top-column elementor-element elementor-element-3c9de267" data-id="3c9de267" data-element_type="column" data-e-type="column">
			<div class="elementor-widget-wrap elementor-element-populated">
						<div class="elementor-element elementor-element-4db1d02 elementor-shape-circle e-grid-align-left elementor-grid-0 elementor-widget elementor-widget-social-icons" data-id="4db1d02" data-element_type="widget" data-e-type="widget" data-widget_type="social-icons.default">
				<div class="elementor-widget-container">
							<div class="elementor-social-icons-wrapper elementor-grid" role="list">
							<span class="elementor-grid-item" role="listitem">
					<a class="elementor-icon elementor-social-icon elementor-social-icon-facebook elementor-repeater-item-e7aa787" href="https://www.facebook.com/ananasdosacores" target="_blank">
						<span class="elementor-screen-only">Facebook</span>
						<i aria-hidden="true" class="fab fa-facebook"></i>					</a>
				</span>
							<span class="elementor-grid-item" role="listitem">
					<a class="elementor-icon elementor-social-icon elementor-social-icon-instagram elementor-repeater-item-7d3c33b" href="https://www.instagram.com/ananasdosacores/?hl=pt" target="_blank">
						<span class="elementor-screen-only">Instagram</span>
						<i aria-hidden="true" class="fab fa-instagram"></i>					</a>
				</span>
							<span class="elementor-grid-item" role="listitem">
					<a class="elementor-icon elementor-social-icon elementor-social-icon-tripadvisor elementor-repeater-item-cc364a6" href="https://www.tripadvisor.pt/UserReviewEdit-g189135-d17740832-Plantacao_de_Ananas_dos_Acores-Ponta_Delgada_Sao_Miguel_Azores.html" target="_blank">
						<span class="elementor-screen-only">Tripadvisor</span>
						<i aria-hidden="true" class="fab fa-tripadvisor"></i>					</a>
				</span>
					</div>
						</div>
				</div>
				<div class="elementor-element elementor-element-3120997 elementor-widget elementor-widget-image" data-id="3120997" data-element_type="widget" data-e-type="widget" data-widget_type="image.default">
				<div class="elementor-widget-container">
															<img fetchpriority="high" decoding="async" width="820" height="360" src="https://ananasdosacores.pt/wp-content/uploads/2020/07/fase-definitiva.jpg" class="attachment-large size-large wp-image-1686" alt="" srcset="https://ananasdosacores.pt/wp-content/uploads/2020/07/fase-definitiva.jpg 820w, https://ananasdosacores.pt/wp-content/uploads/2020/07/fase-definitiva-600x263.jpg 600w, https://ananasdosacores.pt/wp-content/uploads/2020/07/fase-definitiva-300x132.jpg 300w, https://ananasdosacores.pt/wp-content/uploads/2020/07/fase-definitiva-768x337.jpg 768w" sizes="(max-width: 820px) 100vw, 820px" />															</div>
				</div>
				<div class="elementor-element elementor-element-386653e7 elementor-widget elementor-widget-text-editor" data-id="386653e7" data-element_type="widget" data-e-type="widget" data-widget_type="text-editor.default">
				<div class="elementor-widget-container">
									<p align="JUSTIFY"><span style="color: #000000;"><span style="font-family: Calibri, sans-serif;"><span style="font-size: medium;">À ce dernier stade de la production, les plants sont transplantés définitivement dans une serre, où ils resteront jusqu’au moment de la cueillette. Six mois après la plantation définitive du plant, on recourt à la technique de fumigation.</span></span></span></p>
<p align="JUSTIFY"><span style="color: #000000;"><span style="font-family: Calibri, sans-serif;"><span style="font-size: medium;">On retire le rhizome de la plante dont on a cueilli le fruit, puisque c’est lui qui donnera naissance à de nouveaux plants et donc à un nouveau cycle de production de l’ananas des Açores.</span></span></span></p>
<p align="JUSTIFY"><span style="color: #000000;"><span style="font-family: Calibri, sans-serif;"><span style="font-size: medium;">L’ensemble du processus de production et de culture de l’ananas des Açores dure douze mois environ, depuis le moment de la plantation des souches jusqu’au moment où les fruits sont prêts à être cueillis.</span></span></span></p>								</div>
				</div>
					</div>
		</div>
					</div>
		</section>
				</div>

<p>Facebook Instagram Tripadvisor À ce dernier stade de la production, les plants sont transplantés définitivement dans une serre, où ils resteront jusqu’au moment de la cueillette. Six mois après la plantation définitive du plant, on recourt à la technique de fumigation. On retire le rhizome de la plante dont on a cueilli le fruit, puisque &hellip;</p>
<p class="read-more"> <a class="" href="https://ananasdosacores.pt/en/la-phase-definitive-de-la-production-fruitiere/"> <span class="screen-reader-text">La phase définitive de la production fruitière</span> Read More &raquo;</a></p>
