{"id":1107,"date":"2020-07-10T10:27:02","date_gmt":"2020-07-10T10:27:02","guid":{"rendered":"https:\/\/boafruta.pt\/?page_id=1107"},"modified":"2022-06-14T14:25:14","modified_gmt":"2022-06-14T15:25:14","slug":"qrcode12","status":"publish","type":"page","link":"https:\/\/ananasdosacores.pt\/en\/qrcode12\/","title":{"rendered":"A Colheita"},"content":{"rendered":"<div data-elementor-type=\"wp-page\" data-elementor-id=\"1107\" class=\"elementor elementor-1107\" data-elementor-post-type=\"page\">\n\t\t\t\t<section class=\"elementor-section elementor-top-section elementor-element elementor-element-306d9711 elementor-section-boxed elementor-section-height-default elementor-section-height-default\" data-id=\"306d9711\" data-element_type=\"section\" data-e-type=\"section\">\n\t\t\t\t\t\t<div class=\"elementor-container elementor-column-gap-default\">\n\t\t\t\t\t<div class=\"elementor-column elementor-col-100 elementor-top-column elementor-element elementor-element-146aa11e\" data-id=\"146aa11e\" data-element_type=\"column\" data-e-type=\"column\">\n\t\t\t<div class=\"elementor-widget-wrap elementor-element-populated\">\n\t\t\t\t\t\t<div class=\"elementor-element elementor-element-99484f6 elementor-widget elementor-widget-image\" data-id=\"99484f6\" data-element_type=\"widget\" data-e-type=\"widget\" data-widget_type=\"image.default\">\n\t\t\t\t<div class=\"elementor-widget-container\">\n\t\t\t\t\t\t\t\t\t\t\t\t\t\t\t<img fetchpriority=\"high\" decoding=\"async\" width=\"1024\" height=\"683\" src=\"https:\/\/ananasdosacores.pt\/wp-content\/uploads\/2021\/11\/dr6a4039_49556568902_o-1024x683.jpg\" class=\"attachment-large size-large wp-image-3740\" alt=\"\" srcset=\"https:\/\/ananasdosacores.pt\/wp-content\/uploads\/2021\/11\/dr6a4039_49556568902_o-1024x683.jpg 1024w, https:\/\/ananasdosacores.pt\/wp-content\/uploads\/2021\/11\/dr6a4039_49556568902_o-300x200.jpg 300w, https:\/\/ananasdosacores.pt\/wp-content\/uploads\/2021\/11\/dr6a4039_49556568902_o-768x512.jpg 768w, https:\/\/ananasdosacores.pt\/wp-content\/uploads\/2021\/11\/dr6a4039_49556568902_o-1536x1024.jpg 1536w, https:\/\/ananasdosacores.pt\/wp-content\/uploads\/2021\/11\/dr6a4039_49556568902_o-2048x1365.jpg 2048w, https:\/\/ananasdosacores.pt\/wp-content\/uploads\/2021\/11\/dr6a4039_49556568902_o-18x12.jpg 18w, https:\/\/ananasdosacores.pt\/wp-content\/uploads\/2021\/11\/dr6a4039_49556568902_o-600x400.jpg 600w, https:\/\/ananasdosacores.pt\/wp-content\/uploads\/2021\/11\/dr6a4039_49556568902_o-scaled-e1636115956825.jpg 820w\" sizes=\"(max-width: 1024px) 100vw, 1024px\" \/>\t\t\t\t\t\t\t\t\t\t\t\t\t\t\t<\/div>\n\t\t\t\t<\/div>\n\t\t\t\t<div class=\"elementor-element elementor-element-6bfb0bbf elementor-widget elementor-widget-text-editor\" data-id=\"6bfb0bbf\" data-element_type=\"widget\" data-e-type=\"widget\" data-widget_type=\"text-editor.default\">\n\t\t\t\t<div class=\"elementor-widget-container\">\n\t\t\t\t\t\t\t\t\t<p><\/p>\n<p><a href=\"https:\/\/boafruta.pt\/harvest\/\"><img decoding=\"async\" class=\"alignnone wp-image-983\" src=\"https:\/\/boafruta.pt\/wp-content\/uploads\/2020\/07\/EN-300x300.png\" alt=\"\" width=\"24\" height=\"24\"><\/a> <a href=\"https:\/\/boafruta.pt\/la-recoleccion\/\"><img decoding=\"async\" class=\"alignnone wp-image-987\" src=\"https:\/\/boafruta.pt\/wp-content\/uploads\/2020\/07\/ES-300x300.png\" alt=\"\" width=\"24\" height=\"24\"><\/a> <a href=\"https:\/\/boafruta.pt\/la-moisson\/\"><img loading=\"lazy\" decoding=\"async\" class=\"alignnone wp-image-984\" src=\"https:\/\/boafruta.pt\/wp-content\/uploads\/2020\/07\/FR-300x300.png\" alt=\"\" width=\"24\" height=\"24\"><\/a> <a href=\"https:\/\/boafruta.pt\/il-raccolto\/\"><img loading=\"lazy\" decoding=\"async\" class=\"alignnone wp-image-988\" src=\"https:\/\/boafruta.pt\/wp-content\/uploads\/2020\/07\/IT-300x300.png\" alt=\"\" width=\"24\" height=\"24\"><\/a> <a href=\"https:\/\/boafruta.pt\/die-ernte\/\"><img loading=\"lazy\" decoding=\"async\" class=\"alignnone wp-image-986\" src=\"https:\/\/boafruta.pt\/wp-content\/uploads\/2020\/07\/DE-300x300.png\" alt=\"\" width=\"24\" height=\"24\"><\/a> <a href=\"https:\/\/boafruta.pt\/%d1%83%d1%80%d0%be%d0%b6%d0%b0%d0%b9\/\"><img loading=\"lazy\" decoding=\"async\" class=\"alignnone wp-image-1130\" src=\"https:\/\/boafruta.pt\/wp-content\/uploads\/2020\/07\/rss-1-300x300.png\" alt=\"\" width=\"24\" height=\"24\"><\/a> <a href=\"https:\/\/boafruta.pt\/%e8%8f%a0%e8%90%9d%e6%94%b6%e8%8e%b7\/\"><img loading=\"lazy\" decoding=\"async\" class=\"alignnone wp-image-985\" src=\"https:\/\/boafruta.pt\/wp-content\/uploads\/2020\/07\/CH-300x300.png\" alt=\"\" width=\"24\" height=\"24\"><\/a> <a href=\"https:\/\/ananasdosacores.pt\/en\/zbiory\/\"><img loading=\"lazy\" decoding=\"async\" class=\"alignnone wp-image-3587\" src=\"https:\/\/ananasdosacores.pt\/wp-content\/uploads\/2021\/07\/poland-flag-2-300x300.png\" alt=\"\" width=\"24\" height=\"24\"><\/a><\/p>\n<p>O Anan\u00e1s \u00e9 considerado um fruto n\u00e3o climat\u00e9rico, ou seja, n\u00e3o amadurece ap\u00f3s a colheita. O processo de acumula\u00e7\u00e3o dos a\u00e7\u00facares no fruto ocorre nas \u00faltimas seis a oito semanas.<\/p>\n<p><\/p>\n<p>Os frutos devem ser amadurecidos na planta e colhidos com pinhas (Frutilhos) cheias, tendo, pelo menos, 25% de pigmenta\u00e7\u00e3o laranja, de forma a garantir o tom amarelo e o paladar doce.<\/p>\n<p><\/p>\n<p>O Melhor Anan\u00e1s do Mundo \u00e9 mais arom\u00e1tico, mais doce e menos \u00e1cido nos meses de Ver\u00e3o do que nos meses de Inverno.<\/p>\n<p><\/p>\n<p>A forma mais correta de se cortar um Anan\u00e1s \u00e9 \u00e0s fatias ao alto, uma vez que a maior parte do a\u00e7\u00facar do fruto se encontrar no em baixo. Assim sendo, o n\u00edvel de do\u00e7ura ser\u00e1 igual a cada fatia de fruta que ir\u00e1 conter uma parte mais doce e a sua parte mais \u00e1cida.<\/p>\n<p><\/p>\n<p>Para escolher um bom Anan\u00e1s \u00e9 necess\u00e1rio ter em considera\u00e7\u00e3o dois aspetos primordiais, nomeadamente, a pigmenta\u00e7\u00e3o do fruto e o aroma do mesmo. Quanto mais laranja e mais arom\u00e1tico for o anan\u00e1s, mais doce ser\u00e1.&nbsp;<\/p>\n<p><\/p>\t\t\t\t\t\t\t\t<\/div>\n\t\t\t\t<\/div>\n\t\t\t\t\t<\/div>\n\t\t<\/div>\n\t\t\t\t\t<\/div>\n\t\t<\/section>\t\t<\/div>","protected":false},"excerpt":{"rendered":"<p>O Anan\u00e1s \u00e9 considerado um fruto n\u00e3o climat\u00e9rico, ou seja, n\u00e3o amadurece ap\u00f3s a colheita. O processo de acumula\u00e7\u00e3o dos a\u00e7\u00facares no fruto ocorre nas \u00faltimas seis a oito semanas. Os frutos devem ser amadurecidos na planta e colhidos com pinhas (Frutilhos) cheias, tendo, pelo menos, 25% de pigmenta\u00e7\u00e3o laranja, de forma a garantir o &hellip;<\/p>\n<p class=\"read-more\"> <a class=\"\" href=\"https:\/\/ananasdosacores.pt\/en\/qrcode12\/\"> <span class=\"screen-reader-text\">A Colheita<\/span> Read More &raquo;<\/a><\/p>","protected":false},"author":1,"featured_media":0,"parent":0,"menu_order":0,"comment_status":"closed","ping_status":"closed","template":"","meta":{"_monsterinsights_skip_tracking":false,"_monsterinsights_sitenote_active":false,"_monsterinsights_sitenote_note":"","_monsterinsights_sitenote_category":0,"site-sidebar-layout":"default","site-content-layout":"default","ast-main-header-display":"","ast-hfb-above-header-display":"","ast-hfb-below-header-display":"","ast-hfb-mobile-header-display":"","site-post-title":"","ast-breadcrumbs-content":"","ast-featured-img":"","footer-sml-layout":"","theme-transparent-header-meta":"","adv-header-id-meta":"","stick-header-meta":"","header-above-stick-meta":"","header-main-stick-meta":"","header-below-stick-meta":"","footnotes":""},"class_list":["post-1107","page","type-page","status-publish","hentry"],"jetpack_sharing_enabled":true,"_links":{"self":[{"href":"https:\/\/ananasdosacores.pt\/en\/wp-json\/wp\/v2\/pages\/1107","targetHints":{"allow":["GET"]}}],"collection":[{"href":"https:\/\/ananasdosacores.pt\/en\/wp-json\/wp\/v2\/pages"}],"about":[{"href":"https:\/\/ananasdosacores.pt\/en\/wp-json\/wp\/v2\/types\/page"}],"author":[{"embeddable":true,"href":"https:\/\/ananasdosacores.pt\/en\/wp-json\/wp\/v2\/users\/1"}],"replies":[{"embeddable":true,"href":"https:\/\/ananasdosacores.pt\/en\/wp-json\/wp\/v2\/comments?post=1107"}],"version-history":[{"count":3,"href":"https:\/\/ananasdosacores.pt\/en\/wp-json\/wp\/v2\/pages\/1107\/revisions"}],"predecessor-version":[{"id":4182,"href":"https:\/\/ananasdosacores.pt\/en\/wp-json\/wp\/v2\/pages\/1107\/revisions\/4182"}],"wp:attachment":[{"href":"https:\/\/ananasdosacores.pt\/en\/wp-json\/wp\/v2\/media?parent=1107"}],"curies":[{"name":"wp","href":"https:\/\/api.w.org\/{rel}","templated":true}]}}

<div data-elementor-type="wp-page" data-elementor-id="1107" class="elementor elementor-1107" data-elementor-post-type="page">
				<section class="elementor-section elementor-top-section elementor-element elementor-element-306d9711 elementor-section-boxed elementor-section-height-default elementor-section-height-default" data-id="306d9711" data-element_type="section" data-e-type="section">
						<div class="elementor-container elementor-column-gap-default">
					<div class="elementor-column elementor-col-100 elementor-top-column elementor-element elementor-element-146aa11e" data-id="146aa11e" data-element_type="column" data-e-type="column">
			<div class="elementor-widget-wrap elementor-element-populated">
						<div class="elementor-element elementor-element-99484f6 elementor-widget elementor-widget-image" data-id="99484f6" data-element_type="widget" data-e-type="widget" data-widget_type="image.default">
				<div class="elementor-widget-container">
															<img fetchpriority="high" decoding="async" width="1024" height="683" src="https://ananasdosacores.pt/wp-content/uploads/2021/11/dr6a4039_49556568902_o-1024x683.jpg" class="attachment-large size-large wp-image-3740" alt="" srcset="https://ananasdosacores.pt/wp-content/uploads/2021/11/dr6a4039_49556568902_o-1024x683.jpg 1024w, https://ananasdosacores.pt/wp-content/uploads/2021/11/dr6a4039_49556568902_o-300x200.jpg 300w, https://ananasdosacores.pt/wp-content/uploads/2021/11/dr6a4039_49556568902_o-768x512.jpg 768w, https://ananasdosacores.pt/wp-content/uploads/2021/11/dr6a4039_49556568902_o-1536x1024.jpg 1536w, https://ananasdosacores.pt/wp-content/uploads/2021/11/dr6a4039_49556568902_o-2048x1365.jpg 2048w, https://ananasdosacores.pt/wp-content/uploads/2021/11/dr6a4039_49556568902_o-18x12.jpg 18w, https://ananasdosacores.pt/wp-content/uploads/2021/11/dr6a4039_49556568902_o-600x400.jpg 600w, https://ananasdosacores.pt/wp-content/uploads/2021/11/dr6a4039_49556568902_o-scaled-e1636115956825.jpg 820w" sizes="(max-width: 1024px) 100vw, 1024px" />															</div>
				</div>
				<div class="elementor-element elementor-element-6bfb0bbf elementor-widget elementor-widget-text-editor" data-id="6bfb0bbf" data-element_type="widget" data-e-type="widget" data-widget_type="text-editor.default">
				<div class="elementor-widget-container">
									<p></p>
<p><a href="https://boafruta.pt/harvest/"><img decoding="async" class="alignnone wp-image-983" src="https://boafruta.pt/wp-content/uploads/2020/07/EN-300x300.png" alt="" width="24" height="24"></a> <a href="https://boafruta.pt/la-recoleccion/"><img decoding="async" class="alignnone wp-image-987" src="https://boafruta.pt/wp-content/uploads/2020/07/ES-300x300.png" alt="" width="24" height="24"></a> <a href="https://boafruta.pt/la-moisson/"><img loading="lazy" decoding="async" class="alignnone wp-image-984" src="https://boafruta.pt/wp-content/uploads/2020/07/FR-300x300.png" alt="" width="24" height="24"></a> <a href="https://boafruta.pt/il-raccolto/"><img loading="lazy" decoding="async" class="alignnone wp-image-988" src="https://boafruta.pt/wp-content/uploads/2020/07/IT-300x300.png" alt="" width="24" height="24"></a> <a href="https://boafruta.pt/die-ernte/"><img loading="lazy" decoding="async" class="alignnone wp-image-986" src="https://boafruta.pt/wp-content/uploads/2020/07/DE-300x300.png" alt="" width="24" height="24"></a> <a href="https://boafruta.pt/%d1%83%d1%80%d0%be%d0%b6%d0%b0%d0%b9/"><img loading="lazy" decoding="async" class="alignnone wp-image-1130" src="https://boafruta.pt/wp-content/uploads/2020/07/rss-1-300x300.png" alt="" width="24" height="24"></a> <a href="https://boafruta.pt/%e8%8f%a0%e8%90%9d%e6%94%b6%e8%8e%b7/"><img loading="lazy" decoding="async" class="alignnone wp-image-985" src="https://boafruta.pt/wp-content/uploads/2020/07/CH-300x300.png" alt="" width="24" height="24"></a> <a href="https://ananasdosacores.pt/en/zbiory/"><img loading="lazy" decoding="async" class="alignnone wp-image-3587" src="https://ananasdosacores.pt/wp-content/uploads/2021/07/poland-flag-2-300x300.png" alt="" width="24" height="24"></a></p>
<p>O Ananás é considerado um fruto não climatérico, ou seja, não amadurece após a colheita. O processo de acumulação dos açúcares no fruto ocorre nas últimas seis a oito semanas.</p>
<p></p>
<p>Os frutos devem ser amadurecidos na planta e colhidos com pinhas (Frutilhos) cheias, tendo, pelo menos, 25% de pigmentação laranja, de forma a garantir o tom amarelo e o paladar doce.</p>
<p></p>
<p>O Melhor Ananás do Mundo é mais aromático, mais doce e menos ácido nos meses de Verão do que nos meses de Inverno.</p>
<p></p>
<p>A forma mais correta de se cortar um Ananás é às fatias ao alto, uma vez que a maior parte do açúcar do fruto se encontrar no em baixo. Assim sendo, o nível de doçura será igual a cada fatia de fruta que irá conter uma parte mais doce e a sua parte mais ácida.</p>
<p></p>
<p>Para escolher um bom Ananás é necessário ter em consideração dois aspetos primordiais, nomeadamente, a pigmentação do fruto e o aroma do mesmo. Quanto mais laranja e mais aromático for o ananás, mais doce será.&nbsp;</p>
<p></p>								</div>
				</div>
					</div>
		</div>
					</div>
		</section>		</div>

<p>O Ananás é considerado um fruto não climatérico, ou seja, não amadurece após a colheita. O processo de acumulação dos açúcares no fruto ocorre nas últimas seis a oito semanas. Os frutos devem ser amadurecidos na planta e colhidos com pinhas (Frutilhos) cheias, tendo, pelo menos, 25% de pigmentação laranja, de forma a garantir o &hellip;</p>
<p class="read-more"> <a class="" href="https://ananasdosacores.pt/en/qrcode12/"> <span class="screen-reader-text">A Colheita</span> Read More &raquo;</a></p>
